2*w = -10. Is b a prime number?
True
Let m(g) = 2166*g**3 + g**2 - 42*g - 37. Is m(12) a composite number?
False
Suppose -131*h + 37*h = -5361478. Is h composite?
False
Let n = -18185 - -31506. Let x be (2/1 + -26 + 31)*(-1 + 2). Suppose x*b - n + 3794 = 0. Is b a composite number?
False
Suppose 0 = -297*x + 298*x - 15. Let i be (x/5)/9*0. Suppose 2*t = 5*o + 1060, 0 = -5*t - i*t + o + 2673. Is t prime?
False
Suppose -3*w = -10*w + 21. Suppose -w*d + 12 = -0*d. Suppose -2*m - d*p = 3*m - 2655, -m + 550 = -3*p. Is m a prime number?
False
Let o = -129014 + 228115. Is o a prime number?
False
Let l = -21 + 30. Suppose -3*i - l = 0, i = -5*x - 3*i + 3698. Let n = x + 299. Is n prime?
False
Let g(h) = 1341*h + 2733. Is g(48) prime?
False
Let y be 14/(-112) + 71/(-8). Let d(u) = 11 - 13 - 87*u + 19 - 233*u. Is d(y) a composite number?
False
Let l(v) = v**2 + 12*v + 29. Let d be l(-9). Suppose t = -4*a + 8449 + 1559, 0 = 5*a - d*t - 12523. Is a composite?
False
Let p(g) = -2566*g**3 - 3*g**2 + 17*g + 25. Is p(-5) a prime number?
False
Let i be (9/(-2))/(3*(-1)/4). Suppose 4*f = 6*f + 56. Is (-51401)/f + i/(-8) a composite number?
True
Let n(g) = g**3 + 10*g**2 + 3. Let p be n(-10). Let h(y) = -8*y**p + 1 - 21*y + 2*y**2 + 19*y - 2*y**2. Is h(-5) a prime number?
False
Let q(n) = -154353*n + 6241. Is q(-4) a prime number?
True
Let r = -8162 + 62683. Is r composite?
False
Let i(k) = 620*k + 1423. Is i(18) a composite number?
False
Let u = 1040608 - 367547. Is u a composite number?
True
Is 474208182/7290 - (-2)/(-15) a prime number?
False
Let g = -527 + 2234. Suppose -2*q = 5*z - 23406, -2*z + 4*q + 3583 = -5789. Let v = g + z. Is v prime?
True
Let z = -16811 + 36954. Is z a composite number?
False
Let o = 297 - 294. Suppose 4*r - 4*a - 312 = -o*a, r = -a + 83. Is r a composite number?
False
Let z(l) = l**2 + l - 18. Let h be z(14). Let i = -397 + h. Let y = i + 396. Is y a composite number?
False
Suppose -129*z + 122*z + 422268 = 0. Suppose 8*i - z = -22556. Is i a composite number?
False
Let s(g) = 8*g**2 + 18*g - 17. Suppose 3*u + 0*u + 2*o = -25, u - 4*o = -13. Is s(u) prime?
False
Is ((-1)/((-20)/24) + 7/(-35))*705729 a prime number?
False
Let l(c) = 26*c**2 + 43*c - 5. Is l(-6) a composite number?
False
Suppose k = -8 + 5. Let c be k/(-9) - (-1472)/3. Suppose -c = -p - 3*r, 2*r - 982 = p - 3*p. Is p prime?
True
Let b(y) = y - 4. Let d be b(4). Suppose d*g = -2*g + 6*g. Suppose g = -10*h - 237 + 977. Is h a composite number?
True
Suppose 2*y + 4084 = 3*k + 6*y, 1388 = k - 4*y. Suppose -27*i = -0*i - 15687. Let n = k - i. Is n composite?
False
Let o = -23345 + 41997. Suppose 0 = 8*k - 234996 + o. Is k composite?
False
Let n = 140 - 143. Is 228 + n + 7 - -5 prime?
False
Let z = 72 - 69. Let a(r) = 1439*r - 8. Let d be a(z). Suppose -2*i + v + 2*v + d = 0, 0 = i - 4*v - 2157. Is i a prime number?
True
Suppose -3*g + 13716 = -0*g - 2*c, -3*g + 3*c = -13719. Suppose -4*s + g = -46562. Let d = s + -8816. Is d a composite number?
False
Suppose 94 = -58*f - 22. Suppose 3*x + 17 = 92. Is -309*(f - x/(-15)) a composite number?
False
Suppose 0 = 643*c - 126*c - 6111457. Is c a prime number?
True
Let g(j) = 1564*j**2 + 9*j - 68. Is g(7) composite?
False
Is 13*((-91)/(-13) + 5616) prime?
False
Let g = 2342 - -45707. Is g a prime number?
True
Is (3 - (1766/3)/(40/(-4680))) + 2 a composite number?
False
Let v(i) be the third derivative of -1/6*i**3 + 0*i**4 + 0 + 1/60*i**5 + 13/24*i**6 + 0*i + 7*i**2. Is v(1) a prime number?
False
Let b(v) = -1179*v - 51. Let r be b(-11). Suppose 217*c = 211*c + r. Is c a prime number?
True
Let a be (7 - 3 - (-1 - 0))/(-1). Is 15/a - (-4155)/(-6)*-2 composite?
True
Let s(j) = -496*j**3 - 7*j**2 - 6*j - 6. Let w be s(-2). Suppose 6*l = 4*l + w. Is l a prime number?
True
Suppose 9*h = 6*h + 4*q + 3725, -2*h + 2474 = -5*q. Let l = h - 84. Is l a composite number?
False
Let h(k) = -12 - 96*k - 13 + 6. Let v be h(-11). Suppose -x + 4*y + v = 0, x + 2084 = 3*x + 2*y. Is x prime?
False
Let d(o) = 9*o + 24. Let c be (-2)/8*(-47 - -3). Let r be d(c). Suppose -121*m = -r*m + 746. Is m a prime number?
True
Is ((-135958)/4)/(4/(-560)*5*2) a composite number?
True
Suppose 5*z - a + 26 = 0, -25 - 3 = 2*z + 4*a. Let i be (6*-1)/(-8 - z). Suppose i*r + 1791 + 3359 = 5*t, 4*t = -2*r + 4098. Is t a composite number?
True
Let w(v) = v**3 - 24*v**2 + 135*v - 349. Is w(82) composite?
True
Let z(m) = m**3 - 9*m**2 + 10*m - 21. Let t be z(8). Let r(s) = -397*s - 90. Is r(t) a prime number?
False
Suppose -4004*o = -4001*o - 35241. Is o a prime number?
False
Let y(u) = -2*u**2 - 13*u - 7. Suppose 2*i + 0 - 16 = -3*x, -25 = -5*x - 5*i. Let n be y(x). Let f = n - -300. Is f a composite number?
True
Let r be 21 - 12/6 - 1. Let a be (9 - 3/(-3))/(r/9). Suppose a*t - 10770 = 5*z, 7949 = 3*t + z + 1475. Is t prime?
False
Suppose 4*d - 5*b - 1853102 = 0, 198*b = -3*d + 196*b + 1389861. Is d prime?
True
Suppose 4*q - 5*q - 5 = 2*b, -5*b - 20 = -5*q. Is (-39151)/(-7) - (q + -7) a composite number?
True
Is 442914/30*(1 + 4) prime?
True
Suppose 5*x + 14093 + 4481 = 2*y, 2*x = -5*y + 46406. Suppose 36486 = 4*j + y. Is j a composite number?
True
Suppose 3*t + 26441 = 62*u - 63*u, -u - 8813 = t. Let j = t + 20485. Is j composite?
True
Let q be (-44)/55*2870/(-4). Suppose -h - 3*p + 104 = 0, 0 = 4*h + 3*p - q + 176. Let n = h - 43. Is n a prime number?
False
Suppose -482*v = -488*v + 117966. Let u = v + -13708. Is u a prime number?
True
Let i(a) = 16441*a**2 + 13*a - 1. Is i(3) prime?
False
Is (-85)/20 - -4 - ((-11935385)/20 - -8) composite?
True
Suppose 3*k - 2*k = l + 7, k - 4*l - 10 = 0. Let g be (10/k)/((-7)/(-21)). Suppose 4*w - 4526 = z + 17, w = -g*z + 1162. Is w a composite number?
True
Let p = -18 - -44. Suppose 62*k = 60*k + p. Suppose -3*o = -2*x + 2077, -12*x - 1040 = -k*x + 3*o. Is x a prime number?
False
Let z(y) = 29*y + 50*y + 5 + 42*y - 19*y. Is z(3) composite?
False
Is (51344533/(-131))/(-2 + 1) a prime number?
False
Suppose -799*s + 2423243725 = -199961307 - 1173373705. Is s composite?
True
Is 6/2 - (-202 - 15654) a composite number?
False
Let g(y) = -353*y - 9. Let t be g(-3). Let z = t - 169. Let i = -612 + z. Is i a composite number?
False
Suppose 3*o = 4*o - a - 4, 2*o = -2*a + 16. Suppose 5*q - o*y - 14512 = -9*y, -3*q - 4*y + 8705 = 0. Is q prime?
True
Let c(i) = 201*i**2 - 15*i - 91. Let d = 457 - 463. Is c(d) a composite number?
True
Suppose 5*g - i = 19, 4*i - 4 + 17 = -g. Suppose g*y + 3*d = 880 + 2600, -2*y = 5*d - 2305. Is y prime?
False
Is (-4 - 120/(-24)) + 15778/1 a prime number?
False
Let d = -80699 - -171520. Is d composite?
False
Let o(g) = -2*g**3 - 21*g**2 + 28*g + 212. Is o(-21) composite?
True
Let t(z) = 7 + 154*z**3 + 157*z**3 - 26*z + 15*z**2 - 312*z**3. Is t(5) a prime number?
True
Let n(z) = 2294*z**2 + 22*z + 199. Is n(-6) a composite number?
False
Let y(n) = -4*n**3 - 18*n**2 - 75*n - 21. Let h be y(-41). Suppose 9*t + 81233 = h. Is t composite?
False
Let f(j) = -4*j**2 - 3*j + 70. Let b be f(22). Let v = b + 2941. Is v composite?
False
Let x(s) = 241628*s + 4365. Is x(7) a prime number?
True
Let t be (-663)/(-2)*(-6 + 8). Suppose -t = -6*b + 1347. Is b composite?
True
Let z(m) = -m**3 - 3*m**2 + 3. Let i be z(-3). Suppose -2*t + 3212 = 5*b, -b = b - i*t - 1300. Is (-1)/(b/215 + -3) composite?
True
Let z(f) = 10686*f**3 - 8*f - 1. Is z(2) a prime number?
False
Let w(s) = -3*s - 3. Let z(u) = 2*u - 1. Let f be z(0). Let c be w(f). Suppose -2*y + 1817 + 551 = 2*i, c = 4*i + 12. Is y a prime number?
True
Suppose 0 = -45*j + 7*j - 24*j + 12636034. Is j a composite number?
False
Is (-2)/((-52690850)/(-13172725) + -4) a prime number?
True
Is (545331/(-12))/(10/40)*(-11 + 0) a prime number?
False
Suppose 3*q = v - 12424, -12312 = -v - 3*q + 142. Is v a prime number?
False
Let v = 57573 - 27655. Is 32/48 - v/(-6) a prime number?
True
Suppose -3*f - 5 = 10*p - 5*p, p - 1 = -f. Is p - (53 + 1)/((-2)/173) composite?
True
Let v(x) = -118*x + 49. Let d = 119 - 116. Suppose 2*a - 3*z = -32, -d*a - 87 = 2*a - 4*z. Is v(a) a prime number?
False
Let x(u) = 2459*u - 84. Let y = 401 + -396. Is x(y) a prime number?
True
Let f = 3459 - -11132. Is f composite?
False
Let z = 5 + -8. Let m(c) = c**3 + 40*c**2 + 42*c + 118. Let t be m(-39). Is 